8334
1087 (base 16) to base 5
113411
Convert 1346 (base 9) to base 3.
1101120
What is -11010101111010 (base 2) in base 16?
-357a
-209 (base 10) to base 12
-155
Convert 3403023 (base 5) to base 15.
12a93
23323 (base 4) to base 3
1001021
Convert -1405 (base 16) to base 12.
-2b71
-10231 (base 7) to base 5
-40041
14231 (base 6) to base 5
33001
Convert -100 (base 12) to base 5.
-1034
4022 (base 5) to base 10
512
What is -188 (base 9) in base 2?
-10100001
What is ad (base 16) in base 12?
125
1120021 (base 4) to base 12
3321
Convert 3a1 (base 14) to base 11.
603
-21022022 (base 3) to base 4
-1103033
Convert -207751 (base 8) to base 7.
-406641
What is -fb (base 16) in base 11?
-209
Convert -1211111211 (base 3) to base 7.
-210142
What is -497 (base 11) in base 2?
-1001001110
Convert -29672 (base 10) to base 15.
-8bd2
2359 (base 12) to base 2
111101110101
What is -11111001110010 (base 2) in base 8?
-37162
-2440 (base 5) to base 15
-19a
Convert 3167 (base 9) to base 11.
1828
-1170 (base 10) to base 12
-816
-1311 (base 4) to base 8
-165
-40130 (base 5) to base 14
-cd6
Convert 3041 (base 6) to base 11.
562
What is 2868 (base 16) in base 13?
4929
-101101111111100 (base 2) to base 8
-55774
What is 1092 (base 10) in base 4?
101010
What is 30277 (base 8) in base 6?
133435
What is -2330 (base 4) in base 15?
-c8
Convert 6a69 (base 11) to base 15.
2b31
What is -1b81 (base 12) in base 11?
-261a
15041 (base 9) to base 11
7772
What is 1011331 (base 4) in base 10?
4477
What is -6312 (base 8) in base 7?
-12355
Convert b5 (base 14) to base 12.
113
Convert -1b4 (base 12) to base 14.
-160
Convert -101021 (base 3) to base 12.
-1b1
What is 6787 (base 12) in base 14?
427d
What is -48 (base 12) in base 6?
-132
What is 31b0 (base 14) in base 11?
64a2
What is -12515 (base 6) in base 12?
-113b
1101000011101 (base 2) to base 6
50541
What is -225033 (base 6) in base 4?
-10230231
What is -6273 (base 11) in base 4?
-2001310
Convert -ab6 (base 13) to base 11.
-1422
What is 220302 (base 6) in base 9?
27032
-16261 (base 8) to base 13
-3460
What is 1834 (base 13) in base 3?
11221001
What is 2113122 (base 4) in base 8?
22732
3a4d (base 14) to base 9
15061
What is -405 (base 11) in base 7?
-1266
What is -140361 (base 7) in base 9?
-40436
-4231 (base 5) to base 12
-3b2
Convert -12211101 (base 3) to base 11.
-3213
Convert a541 (base 11) to base 12.
80b4
100202113 (base 4) to base 12
33247
Convert 1049 (base 11) to base 3.
1220021
-a14a (base 16) to base 10
-41290
What is -1404 (base 5) in base 11?
-199
Convert 438 (base 10) to base 13.
279
What is 44 (base 10) in base 15?
2e
fb0 (base 16) to base 11
3021
What is 10366 (base 8) in base 5?
114332
What is 273 (base 13) in base 16?
1b0
2db (base 14) to base 10
585
Convert -475 (base 9) to base 11.
-327
What is -d29 (base 16) in base 7?
-12552
Convert 15455 (base 7) to base 8.
10400
Convert 21238 (base 9) to base 8.
33340
What is -846 (base 9) in base 13?
-411
What is -13012 (base 4) in base 3?
-121211
103302 (base 5) to base 12
20a1
Convert -1576 (base 9) to base 7.
-3336
Convert 101011011100000 (base 2) to base 16.
56e0
What is -1044114 (base 5) in base 11?
-13023
What is 18211 (base 10) in base 13?
839b
What is -2218 (base 9) in base 11?
-1259
What is 657 (base 8) in base 15?
1db
Convert -1a (base 13) to base 11.
-21
Convert -296 (base 13) to base 3.
-122002
Convert -1214150 (base 6) to base 2.
-1111101110110010
Convert -136 (base 11) to base 4.
-2200
Convert -555 (base 12) to base 7.
-2201
-1464 (base 7) to base 12
-409
Convert 24148 (base 10) to base 15.
724d
What is -79 (base 16) in base 3?
-11111
-1442111 (base 5) to base 9
-46350
-874 (base 11) to base 8
-2031
What is 13318 (base 9) in base 16?
2330
-5538 (base 9) to base 8
-7765
What is 101011110100110 (base 2) in base 8?
53646
What is 54064 (base 9) in base 6?
433351
What is -7eec (base 16) in base 13?
-11a35
What is 21310 (base 4) in base 11?
521
-82c (base 15) to base 12
-1096
What is -d401 (base 14) in base 6?
-440441
Convert -1525 (base 8) to base 9.
-1147
Convert -11121221 (base 3) to base 12.
-1b51
What is -2786 (base 14) in base 11?
-5274
-3102122 (base 4) to base 6
-142202
What is 2453 (base 6) in base 3?
211120
What is 40603 (base 8) in base 4?
10012003
What is -262 (base 11) in base 6?
-1234
-2c21 (base 13) to base 14
-24c9
Convert 44442 (base 5) to base 9.
4248
Convert -410 (base 9) to base 16.
-14d
263 (base 12) to base 6
1403
Convert b92 (base 13) to base 7.
5524
What is 140 (base 12) in base 7?
363
8b (base 16) to base 4
2023
Convert -1443221 (base 5) to base 10.
-31061
What is 216 (base 9) in base 11?
151
What is -6145 (base 8) in base 7?
-12152
What is -100002 (base 4) in base 6?
-4430
Convert -242 (base 8) to base 12.
-116
What is -3250 (base 14) in base 11?
-6594
What is 6bb (base 13) in base 8?
2220
What is -4433 (base 10) in base 3?
-20002012
-3c32 (base 14) to base 15
-3238
-102002110 (base 3) to base 5
-224320
aa (base 11) to base 3
11110
Convert 5e51 (base 16) to base 12.
11b81
33112 (base 4) to base 8
1726
What is -34a (base 16) in base 3?
-1011012
What is -9bd (base 16) in base 5?
-34433
Convert -2011121220 (base 3) to base 10.
-42738
21146 (base 10) to base 9
32005
Convert -3433 (base 5) to base 7.
-1303
What is 5450 (base 15) in base 10?
17850
What is -74 (base 15) in base 16?
-6d
What is -20101221 (base 3) in base 7?
-16420
What is -3b7 (base 16) in base 4?
-32313
-7e58 (base 15) to base 8
-64352
Convert 1333 (base 7) to base 3.
201001
Convert -1000302 (base 4) to base 6.
-31110
What is 345542 (base 7) in base 6?
1155035
Convert -175 (base 14) to base 8.
-453
22224 (base 7) to base 9
7616
Convert -26305 (base 7) to base 6.
-52244
-329 (base 12) to base 9
-566
What is -302 (base 13) in base 16?
-1fd
What is 1020 (base 15) in base 14?
1353
-16684 (base 10) to base 15
-4e24
Convert -133211 (base 4) to base 3.
-2202212
What is 33b3 (base 14) in base 15?
29d7
What is 5202 (base 14) in base 7?
56102
What is -1411 (base 6) in base 13?
-223
-447 (base 8) to base 15
-14a
Convert -143000 (base 6) to base 10.
-13608
11000222 (base 3) to base 16
b7e
What is -2ec (base 15) in base 13?
-3c9
636 (base 9) to base 5
4034
Convert 1113 (base 10) to base 12.
789
What is -70603 (base 8) in base 12?
-14997
What is 1395 (base 15) in base 9?
5665
62 (base 7) to base 6
112
What is 3616 (base 9) in base 13?
12ba
What is 432a (base 16) in base 5?
1022234
What is -43280 (base 9) in base 14?
-a637
-21359 (base 10) to base 12
-1043b
528 (base 10) to base 3
201120
What is -2441 (base 15) in base 5?
-221321
What is -11101110010 (base 2) in base 5?
-30111
What is -1883 (base 15) in base 11?
-3a87
-6be (base 16) to base 10
-1726
Convert -24a (base 14) to base 15.
-208
-bb43 (base 15) to base 13
-15090
Convert d25 (base 16) to base 14.
1325
Convert 352 (base 6) to base 14.
a0
Convert -585 (base 9) to base 15.
-222
What is -4bb (base 12) in base 6?
-3155
1120 (base 7) to base 6
1514
-125 (base 9) to base 7
-206
Convert d5bc (base 15) to base 4.
23001321
What is -162 (base 15) in base 8?
-475
112211 (base 3) to base 7
1111
-21c (base 16) to base 8
-1034
Convert 92a (base 16) to base 13.
10b6
What is -10001011101 (base 2) in base 8?
-2135
213 (base 8) to base 2
10001011
Convert 12432 (base 5) to base 15.
462
-388 (base 9) to base 4
-11003
-5053 (base 12) to base 13
-3c66
Convert -938 (base 13) to base 10.
-1568
What is 12981 (base 12) in base 4?
12033301
What is -13201 (base 5) in base 6?
-4511
-4630 (base 16) to base 13
-8242
56146 (base 7) to base 15
42d1
What is -1019 (base 12) in base 6?
-12033
21222 (base 3) to base 2
11010111
What is 10324 (base 5) in base 12?
4b6
What is -254 (base 13) in base 16?
-197
Convert -10018 (base 11) to base 3.
-202002222
-11591 (base 12) to base 5
-1221133
Convert 55827 (base 10) to base 5.
3241302
Convert 6b4 (base 12) to base 13.
5bc
31220223 (base 4) to base 7
321555
What is 12621 (base 9) in base 16?
214c
What is 22a (base 16) in base 7?
1421
Convert 10031 (base 4) to base 12.
1a5
Convert -3040 (base 5) to base 2.
-110001011
What is -100353 (base 7) in base 13?
-7971
-1450 (base 8) to base 11
-675
What is 32305 (base 7) in base 5?
224131
What is 8616 (base 14) in base 8?
55154
What is -404330 (base 6) in base 15?
-9799
Convert 859 (base 10) to base 7.